{"id":1340,"date":"2015-08-07T19:25:09","date_gmt":"2015-08-07T19:25:09","guid":{"rendered":"http:\/\/cw000550.ferozo.com\/?page_id=1340"},"modified":"2016-01-28T14:17:06","modified_gmt":"2016-01-28T14:17:06","slug":"textos-del-ccycn","status":"publish","type":"page","link":"https:\/\/cccn.colegio-escribanos.org.ar\/index.php\/textos-del-ccycn\/","title":{"rendered":"Textos del CCCN"},"content":{"rendered":"<p><a href=\"http:\/\/www.infojus.gob.ar\/docs-f\/ediciones\/libros\/Codigo_Civil_y_Comercial_de_la_Nacion.pdf\">Para acceder a la versi\u00f3n publicada por infoleg haga clic aqu\u00ed<\/a><\/p>\n<p><a href=\"http:\/\/www.infojus.gob.ar\/docs-f\/ediciones\/libros\/Codigo_Civil_y_Comercial_de_la_Nacion.pdf\"><br \/>\n<\/a><a href=\"http:\/\/www.infojus.gob.ar\/docs-f\/ediciones\/libros\/Codigo_Civil_y_Comercial_de_la_Nacion.pdf\"><img loading=\"lazy\" decoding=\"async\" class=\"wp-image-1313 size-full alignleft\" src=\"http:\/\/cccn.colegio-escribanos.org.ar\/wp-content\/uploads\/2015\/08\/Portada-Codigo_Civil_y_Comercial_de_la_Nacion-1.jpg\" alt=\"Portada-Codigo_Civil_y_Comercial_de_la_Nacion-1\" width=\"200\" height=\"287\" srcset=\"https:\/\/cccn.colegio-escribanos.org.ar\/wp-content\/uploads\/2015\/08\/Portada-Codigo_Civil_y_Comercial_de_la_Nacion-1.jpg 200w, https:\/\/cccn.colegio-escribanos.org.ar\/wp-content\/uploads\/2015\/08\/Portada-Codigo_Civil_y_Comercial_de_la_Nacion-1-38x55.jpg 38w\" sizes=\"(max-width: 200px) 100vw, 200px\" \/><\/a><strong>Texto completo del CCCN<\/strong> (fuente <a href=\"http:\/\/www.infojus.gob.ar\/\">infojus.gob.ar<\/a>)<br \/>\nEditorial: Ministerio de Justicia y Derechos Humanos de la Naci\u00f3n<br \/>\nISBN: 978-987-3720-13-0<\/p>\n<p>&nbsp;<\/p>\n<p>&nbsp;<\/p>\n<p>&nbsp;<\/p>\n<p>&nbsp;<\/p>\n<p>&nbsp;<\/p>\n<p><a href=\"http:\/\/www.infojus.gob.ar\/docs-f\/codigo-comentado\/CCyC_Comentado_Tomo_I%20(arts.%201%20a%20400).pdf\"><img loading=\"lazy\" decoding=\"async\" class=\"wp-image-1583 size-full alignleft\" src=\"http:\/\/cccn.colegio-escribanos.org.ar\/wp-content\/uploads\/2015\/08\/Portada-Codigo_Civil_Comentado_Tomo-1.jpg\" alt=\"\" width=\"200\" height=\"282\" srcset=\"https:\/\/cccn.colegio-escribanos.org.ar\/wp-content\/uploads\/2015\/08\/Portada-Codigo_Civil_Comentado_Tomo-1.jpg 200w, https:\/\/cccn.colegio-escribanos.org.ar\/wp-content\/uploads\/2015\/08\/Portada-Codigo_Civil_Comentado_Tomo-1-39x55.jpg 39w\" sizes=\"(max-width: 200px) 100vw, 200px\" \/><\/a><strong>\u00a0C\u00f3digo Civil y Comercial de la Naci\u00f3n Comentado, tomo 1<\/strong> (fuente <a href=\"http:\/\/www.infojus.gob.ar\/\">infojus.gob.ar<\/a>)<br \/>\nT\u00edtulo Preliminar y Libro Primero (Parte General). Art\u00edculos 1 a 400.<br \/>\nDirecci\u00f3n Editorial: Juli\u00e1n \u00c1lvarez. Coordinadoras Generales: Mar\u00eda Paula Pontoriero, Laura Pereiras<br \/>\nDirectores: Marisa Herrera, Gustavo Caramelo, Sebasti\u00e1n Picasso<br \/>\nEditorial: Ministerio de Justicia y Derechos Humanos de la Naci\u00f3n | junio de 2015<br \/>\nISBN: 978-987-3720-29-1<\/p>\n<p>&nbsp;<\/p>\n<p>&nbsp;<\/p>\n<p>&nbsp;<\/p>\n<p><a href=\"http:\/\/www.infojus.gob.ar\/docs-f\/codigo-comentado\/CCyC_Nacion_Comentado_Tomo_II.pdf\"><img loading=\"lazy\" decoding=\"async\" class=\"wp-image-1584 size-full alignleft\" src=\"http:\/\/cccn.colegio-escribanos.org.ar\/wp-content\/uploads\/2015\/08\/Portada-Codigo_Civil_Comentado_Tomo-2.jpg\" alt=\"\" width=\"200\" height=\"285\" srcset=\"https:\/\/cccn.colegio-escribanos.org.ar\/wp-content\/uploads\/2015\/08\/Portada-Codigo_Civil_Comentado_Tomo-2.jpg 200w, https:\/\/cccn.colegio-escribanos.org.ar\/wp-content\/uploads\/2015\/08\/Portada-Codigo_Civil_Comentado_Tomo-2-39x55.jpg 39w\" sizes=\"(max-width: 200px) 100vw, 200px\" \/><\/a><strong>C\u00f3digo Civil y Comercial de la Naci\u00f3n Comentado, tomo II<\/strong> (fuente <a href=\"http:\/\/www.infojus.gob.ar\/\">infojus.gob.ar<\/a>)<br \/>\nLibro Segundo (Relaciones de Familia). Art\u00edculos 401 a 723.<br \/>\nDirecci\u00f3n Editorial: Juli\u00e1n \u00c1lvarez. Coordinadoras Generales: Mar\u00eda Paula Pontoriero, Laura Pereiras<br \/>\nDirectores: Marisa Herrera, Gustavo Caramelo, Sebasti\u00e1n Picasso<br \/>\nEditorial: Ministerio de Justicia y Derechos Humanos de la Naci\u00f3n<br \/>\nISBN: 978-987-3720-31-4<\/p>\n<p>&nbsp;<\/p>\n<p>&nbsp;<\/p>\n<p>&nbsp;<\/p>\n<p><a href=\"http:\/\/www.infojus.gob.ar\/docs-f\/codigo-comentado\/CCyC_TOMO_3_FINAL_completo_digital.pdf\" rel=\"attachment wp-att-1598\"><img loading=\"lazy\" decoding=\"async\" class=\"size-full wp-image-1598 alignleft\" src=\"http:\/\/cccn.colegio-escribanos.org.ar\/wp-content\/uploads\/2015\/08\/Portada-Codigo_Civil_Comentado_Tomo-3.jpg\" alt=\"Portada-Codigo_Civil_Comentado_Tomo-3\" width=\"200\" height=\"286\" srcset=\"https:\/\/cccn.colegio-escribanos.org.ar\/wp-content\/uploads\/2015\/08\/Portada-Codigo_Civil_Comentado_Tomo-3.jpg 200w, https:\/\/cccn.colegio-escribanos.org.ar\/wp-content\/uploads\/2015\/08\/Portada-Codigo_Civil_Comentado_Tomo-3-38x55.jpg 38w\" sizes=\"(max-width: 200px) 100vw, 200px\" \/><\/a><\/p>\n<p><strong>C\u00f3digo Civil y Comercial de la Naci\u00f3n Comentado, tomo III<\/strong> (fuente <a href=\"http:\/\/www.infojus.gob.ar\/\">infojus.gob.ar<\/a>)<br \/>\nLibro Tercero\u00a0(Derechos Personales). Art\u00edculos 724\u00a0a 1250.<br \/>\nDirecci\u00f3n Editorial: Juli\u00e1n \u00c1lvarez. Coordinadoras Generales: Mar\u00eda Paula Pontoriero, Laura Pereiras<br \/>\nDirectores: Marisa Herrera, Gustavo Caramelo, Sebasti\u00e1n Picasso<br \/>\nEditorial: Ministerio de Justicia y Derechos Humanos de la Naci\u00f3n<br \/>\nISBN: 978-987-3720-32-1<\/p>\n<p>&nbsp;<\/p>\n<p>&nbsp;<\/p>\n<p>&nbsp;<\/p>\n<p><strong><a href=\"http:\/\/www.infojus.gob.ar\/docs-f\/codigo-comentado\/CCyC_Nacion_Comentado_Tomo_IV.pdf\" rel=\"attachment wp-att-1599\"><img loading=\"lazy\" decoding=\"async\" class=\"size-full wp-image-1599 alignleft\" src=\"http:\/\/cccn.colegio-escribanos.org.ar\/wp-content\/uploads\/2015\/08\/Portada-Codigo_Civil_Comentado_Tomo-4.jpg\" alt=\"Portada-Codigo_Civil_Comentado_Tomo-4\" width=\"200\" height=\"287\" srcset=\"https:\/\/cccn.colegio-escribanos.org.ar\/wp-content\/uploads\/2015\/08\/Portada-Codigo_Civil_Comentado_Tomo-4.jpg 200w, https:\/\/cccn.colegio-escribanos.org.ar\/wp-content\/uploads\/2015\/08\/Portada-Codigo_Civil_Comentado_Tomo-4-38x55.jpg 38w\" sizes=\"(max-width: 200px) 100vw, 200px\" \/><\/a>C\u00f3digo Civil y Comercial de la Naci\u00f3n Comentado, tomo IV\u00a0<\/strong>(fuente <a href=\"http:\/\/www.infojus.gob.ar\/\">infojus.gob.ar<\/a>)<br \/>\nLibro Tercero\u00a0(Derechos Personales) 2\u00ba parte. Art\u00edculos 1251\u00a0a 1881.<br \/>\nDirecci\u00f3n Editorial: Juli\u00e1n \u00c1lvarez. Coordinadoras Generales: Mar\u00eda Paula Pontoriero, Laura Pereiras<br \/>\nDirectores: Marisa Herrera, Gustavo Caramelo, Sebasti\u00e1n Picasso<br \/>\nEditorial: Ministerio de Justicia y Derechos Humanos de la Naci\u00f3n<br \/>\nISBN: 978-987-3720-33-8<\/p>\n<p>&nbsp;<\/p>\n<p>&nbsp;<\/p>\n<p>&nbsp;<\/p>\n<p><strong><a href=\"http:\/\/www.infojus.gob.ar\/docs-f\/codigo-comentado\/CCyC_Nacion_Comentado_Tomo_V.pdf\" rel=\"attachment wp-att-1600\"><img loading=\"lazy\" decoding=\"async\" class=\"size-full wp-image-1600 alignleft\" src=\"http:\/\/cccn.colegio-escribanos.org.ar\/wp-content\/uploads\/2015\/08\/Portada-Codigo_Civil_Comentado_Tomo-5.jpg\" alt=\"Portada-Codigo_Civil_Comentado_Tomo-5\" width=\"200\" height=\"286\" srcset=\"https:\/\/cccn.colegio-escribanos.org.ar\/wp-content\/uploads\/2015\/08\/Portada-Codigo_Civil_Comentado_Tomo-5.jpg 200w, https:\/\/cccn.colegio-escribanos.org.ar\/wp-content\/uploads\/2015\/08\/Portada-Codigo_Civil_Comentado_Tomo-5-38x55.jpg 38w\" sizes=\"(max-width: 200px) 100vw, 200px\" \/><\/a>C\u00f3digo Civil y Comercial de la Naci\u00f3n Comentado, tomo V\u00a0<\/strong>(fuente <a href=\"http:\/\/www.infojus.gob.ar\/\">infojus.gob.ar<\/a>)<br \/>\nLibro Cuarto\u00a0(Derechos Reales) \u00a0Art\u00edculos 1882 a 2276.<br \/>\nDirecci\u00f3n Editorial: Juli\u00e1n \u00c1lvarez. Coordinadoras Generales: Mar\u00eda Paula Pontoriero, Laura Pereiras<br \/>\nDirectores: Marisa Herrera, Gustavo Caramelo, Sebasti\u00e1n Picasso<br \/>\nEditorial: Ministerio de Justicia y Derechos Humanos de la Naci\u00f3n<br \/>\nISBN: 978-987-3720-34-5<\/p>\n<p>&nbsp;<\/p>\n<p>&nbsp;<\/p>\n<p>&nbsp;<\/p>\n<p><a href=\"http:\/\/www.infojus.gob.ar\/docs-f\/codigo-comentado\/CCyC_Nacion_Comentado_Tomo_VI.pdf\" rel=\"attachment wp-att-1601\"><img loading=\"lazy\" decoding=\"async\" class=\"size-full wp-image-1601 alignleft\" src=\"http:\/\/cccn.colegio-escribanos.org.ar\/wp-content\/uploads\/2015\/08\/Portada-Codigo_Civil_Comentado_Tomo-6.jpg\" alt=\"Portada-Codigo_Civil_Comentado_Tomo-6\" width=\"200\" height=\"285\" srcset=\"https:\/\/cccn.colegio-escribanos.org.ar\/wp-content\/uploads\/2015\/08\/Portada-Codigo_Civil_Comentado_Tomo-6.jpg 200w, https:\/\/cccn.colegio-escribanos.org.ar\/wp-content\/uploads\/2015\/08\/Portada-Codigo_Civil_Comentado_Tomo-6-39x55.jpg 39w\" sizes=\"(max-width: 200px) 100vw, 200px\" \/><\/a><\/p>\n<p><strong>C\u00f3digo Civil y Comercial de la Naci\u00f3n Comentado, tomo VI\u00a0<\/strong>(fuente <a href=\"http:\/\/www.infojus.gob.ar\/\">infojus.gob.ar<\/a>)<br \/>\nLibros Quinto (Transmisi\u00f3n de derechos por causa de muerte) y Sexto\u00a0(Disposiciones comunes a los derechos personales y reales) \u00a0Art\u00edculos 2277 a 2671.<br \/>\nDirecci\u00f3n Editorial: Juli\u00e1n \u00c1lvarez. Coordinadoras Generales: Mar\u00eda Paula Pontoriero, Laura Pereiras<br \/>\nDirectores: Marisa Herrera, Gustavo Caramelo, Sebasti\u00e1n Picasso<br \/>\nEditorial: Ministerio de Justicia y Derechos Humanos de la Naci\u00f3n<br \/>\nISBN: 978-987-3720-35-2<\/p>\n<p>&nbsp;<\/p>\n","protected":false},"excerpt":{"rendered":"<p>Para acceder a la versi\u00f3n publicada por infoleg haga clic aqu\u00ed Texto completo del CCCN (fuente infojus.gob.ar) Editorial: Ministerio de Justicia y Derechos Humanos de la Naci\u00f3n ISBN: 978-987-3720-13-0 &nbsp; &nbsp; &nbsp; &nbsp; &nbsp; \u00a0C\u00f3digo Civil y Comercial de la Naci\u00f3n Comentado, tomo 1 (fuente infojus.gob.ar) T\u00edtulo Preliminar y Libro Primero (Parte General). Art\u00edculos 1 [&hellip;]<\/p>\n","protected":false},"author":2,"featured_media":0,"parent":0,"menu_order":0,"comment_status":"open","ping_status":"open","template":"","meta":{"_et_pb_use_builder":"","_et_pb_old_content":"","_et_gb_content_width":"","jetpack_post_was_ever_published":false,"footnotes":""},"class_list":["post-1340","page","type-page","status-publish","hentry"],"jetpack_sharing_enabled":true,"jetpack_shortlink":"https:\/\/wp.me\/P6FUNa-lC","_links":{"self":[{"href":"https:\/\/cccn.colegio-escribanos.org.ar\/index.php\/wp-json\/wp\/v2\/pages\/1340","targetHints":{"allow":["GET"]}}],"collection":[{"href":"https:\/\/cccn.colegio-escribanos.org.ar\/index.php\/wp-json\/wp\/v2\/pages"}],"about":[{"href":"https:\/\/cccn.colegio-escribanos.org.ar\/index.php\/wp-json\/wp\/v2\/types\/page"}],"author":[{"embeddable":true,"href":"https:\/\/cccn.colegio-escribanos.org.ar\/index.php\/wp-json\/wp\/v2\/users\/2"}],"replies":[{"embeddable":true,"href":"https:\/\/cccn.colegio-escribanos.org.ar\/index.php\/wp-json\/wp\/v2\/comments?post=1340"}],"version-history":[{"count":8,"href":"https:\/\/cccn.colegio-escribanos.org.ar\/index.php\/wp-json\/wp\/v2\/pages\/1340\/revisions"}],"predecessor-version":[{"id":1607,"href":"https:\/\/cccn.colegio-escribanos.org.ar\/index.php\/wp-json\/wp\/v2\/pages\/1340\/revisions\/1607"}],"wp:attachment":[{"href":"https:\/\/cccn.colegio-escribanos.org.ar\/index.php\/wp-json\/wp\/v2\/media?parent=1340"}],"curies":[{"name":"wp","href":"https:\/\/api.w.org\/{rel}","templated":true}]}}

<p><a href="http://www.infojus.gob.ar/docs-f/ediciones/libros/Codigo_Civil_y_Comercial_de_la_Nacion.pdf">Para acceder a la versión publicada por infoleg haga clic aquí</a></p>
<p><a href="http://www.infojus.gob.ar/docs-f/ediciones/libros/Codigo_Civil_y_Comercial_de_la_Nacion.pdf"><br />
</a><a href="http://www.infojus.gob.ar/docs-f/ediciones/libros/Codigo_Civil_y_Comercial_de_la_Nacion.pdf"><img loading="lazy" decoding="async" class="wp-image-1313 size-full alignleft" src="http://cccn.colegio-escribanos.org.ar/wp-content/uploads/2015/08/Portada-Codigo_Civil_y_Comercial_de_la_Nacion-1.jpg" alt="Portada-Codigo_Civil_y_Comercial_de_la_Nacion-1" width="200" height="287" srcset="https://cccn.colegio-escribanos.org.ar/wp-content/uploads/2015/08/Portada-Codigo_Civil_y_Comercial_de_la_Nacion-1.jpg 200w, https://cccn.colegio-escribanos.org.ar/wp-content/uploads/2015/08/Portada-Codigo_Civil_y_Comercial_de_la_Nacion-1-38x55.jpg 38w" sizes="(max-width: 200px) 100vw, 200px" /></a><strong>Texto completo del CCCN</strong> (fuente <a href="http://www.infojus.gob.ar/">infojus.gob.ar</a>)<br />
Editorial: Ministerio de Justicia y Derechos Humanos de la Nación<br />
ISBN: 978-987-3720-13-0</p>
<p>&nbsp;</p>
<p>&nbsp;</p>
<p>&nbsp;</p>
<p>&nbsp;</p>
<p>&nbsp;</p>
<p><a href="http://www.infojus.gob.ar/docs-f/codigo-comentado/CCyC_Comentado_Tomo_I%20(arts.%201%20a%20400).pdf"><img loading="lazy" decoding="async" class="wp-image-1583 size-full alignleft" src="http://cccn.colegio-escribanos.org.ar/wp-content/uploads/2015/08/Portada-Codigo_Civil_Comentado_Tomo-1.jpg" alt="" width="200" height="282" srcset="https://cccn.colegio-escribanos.org.ar/wp-content/uploads/2015/08/Portada-Codigo_Civil_Comentado_Tomo-1.jpg 200w, https://cccn.colegio-escribanos.org.ar/wp-content/uploads/2015/08/Portada-Codigo_Civil_Comentado_Tomo-1-39x55.jpg 39w" sizes="(max-width: 200px) 100vw, 200px" /></a><strong> Código Civil y Comercial de la Nación Comentado, tomo 1</strong> (fuente <a href="http://www.infojus.gob.ar/">infojus.gob.ar</a>)<br />
Título Preliminar y Libro Primero (Parte General). Artículos 1 a 400.<br />
Dirección Editorial: Julián Álvarez. Coordinadoras Generales: María Paula Pontoriero, Laura Pereiras<br />
Directores: Marisa Herrera, Gustavo Caramelo, Sebastián Picasso<br />
Editorial: Ministerio de Justicia y Derechos Humanos de la Nación | junio de 2015<br />
ISBN: 978-987-3720-29-1</p>
<p>&nbsp;</p>
<p>&nbsp;</p>
<p>&nbsp;</p>
<p><a href="http://www.infojus.gob.ar/docs-f/codigo-comentado/CCyC_Nacion_Comentado_Tomo_II.pdf"><img loading="lazy" decoding="async" class="wp-image-1584 size-full alignleft" src="http://cccn.colegio-escribanos.org.ar/wp-content/uploads/2015/08/Portada-Codigo_Civil_Comentado_Tomo-2.jpg" alt="" width="200" height="285" srcset="https://cccn.colegio-escribanos.org.ar/wp-content/uploads/2015/08/Portada-Codigo_Civil_Comentado_Tomo-2.jpg 200w, https://cccn.colegio-escribanos.org.ar/wp-content/uploads/2015/08/Portada-Codigo_Civil_Comentado_Tomo-2-39x55.jpg 39w" sizes="(max-width: 200px) 100vw, 200px" /></a><strong>Código Civil y Comercial de la Nación Comentado, tomo II</strong> (fuente <a href="http://www.infojus.gob.ar/">infojus.gob.ar</a>)<br />
Libro Segundo (Relaciones de Familia). Artículos 401 a 723.<br />
Dirección Editorial: Julián Álvarez. Coordinadoras Generales: María Paula Pontoriero, Laura Pereiras<br />
Directores: Marisa Herrera, Gustavo Caramelo, Sebastián Picasso<br />
Editorial: Ministerio de Justicia y Derechos Humanos de la Nación<br />
ISBN: 978-987-3720-31-4</p>
<p>&nbsp;</p>
<p>&nbsp;</p>
<p>&nbsp;</p>
<p><a href="http://www.infojus.gob.ar/docs-f/codigo-comentado/CCyC_TOMO_3_FINAL_completo_digital.pdf" rel="attachment wp-att-1598"><img loading="lazy" decoding="async" class="size-full wp-image-1598 alignleft" src="http://cccn.colegio-escribanos.org.ar/wp-content/uploads/2015/08/Portada-Codigo_Civil_Comentado_Tomo-3.jpg" alt="Portada-Codigo_Civil_Comentado_Tomo-3" width="200" height="286" srcset="https://cccn.colegio-escribanos.org.ar/wp-content/uploads/2015/08/Portada-Codigo_Civil_Comentado_Tomo-3.jpg 200w, https://cccn.colegio-escribanos.org.ar/wp-content/uploads/2015/08/Portada-Codigo_Civil_Comentado_Tomo-3-38x55.jpg 38w" sizes="(max-width: 200px) 100vw, 200px" /></a></p>
<p><strong>Código Civil y Comercial de la Nación Comentado, tomo III</strong> (fuente <a href="http://www.infojus.gob.ar/">infojus.gob.ar</a>)<br />
Libro Tercero (Derechos Personales). Artículos 724 a 1250.<br />
Dirección Editorial: Julián Álvarez. Coordinadoras Generales: María Paula Pontoriero, Laura Pereiras<br />
Directores: Marisa Herrera, Gustavo Caramelo, Sebastián Picasso<br />
Editorial: Ministerio de Justicia y Derechos Humanos de la Nación<br />
ISBN: 978-987-3720-32-1</p>
<p>&nbsp;</p>
<p>&nbsp;</p>
<p>&nbsp;</p>
<p><strong><a href="http://www.infojus.gob.ar/docs-f/codigo-comentado/CCyC_Nacion_Comentado_Tomo_IV.pdf" rel="attachment wp-att-1599"><img loading="lazy" decoding="async" class="size-full wp-image-1599 alignleft" src="http://cccn.colegio-escribanos.org.ar/wp-content/uploads/2015/08/Portada-Codigo_Civil_Comentado_Tomo-4.jpg" alt="Portada-Codigo_Civil_Comentado_Tomo-4" width="200" height="287" srcset="https://cccn.colegio-escribanos.org.ar/wp-content/uploads/2015/08/Portada-Codigo_Civil_Comentado_Tomo-4.jpg 200w, https://cccn.colegio-escribanos.org.ar/wp-content/uploads/2015/08/Portada-Codigo_Civil_Comentado_Tomo-4-38x55.jpg 38w" sizes="(max-width: 200px) 100vw, 200px" /></a>Código Civil y Comercial de la Nación Comentado, tomo IV </strong>(fuente <a href="http://www.infojus.gob.ar/">infojus.gob.ar</a>)<br />
Libro Tercero (Derechos Personales) 2º parte. Artículos 1251 a 1881.<br />
Dirección Editorial: Julián Álvarez. Coordinadoras Generales: María Paula Pontoriero, Laura Pereiras<br />
Directores: Marisa Herrera, Gustavo Caramelo, Sebastián Picasso<br />
Editorial: Ministerio de Justicia y Derechos Humanos de la Nación<br />
ISBN: 978-987-3720-33-8</p>
<p>&nbsp;</p>
<p>&nbsp;</p>
<p>&nbsp;</p>
<p><strong><a href="http://www.infojus.gob.ar/docs-f/codigo-comentado/CCyC_Nacion_Comentado_Tomo_V.pdf" rel="attachment wp-att-1600"><img loading="lazy" decoding="async" class="size-full wp-image-1600 alignleft" src="http://cccn.colegio-escribanos.org.ar/wp-content/uploads/2015/08/Portada-Codigo_Civil_Comentado_Tomo-5.jpg" alt="Portada-Codigo_Civil_Comentado_Tomo-5" width="200" height="286" srcset="https://cccn.colegio-escribanos.org.ar/wp-content/uploads/2015/08/Portada-Codigo_Civil_Comentado_Tomo-5.jpg 200w, https://cccn.colegio-escribanos.org.ar/wp-content/uploads/2015/08/Portada-Codigo_Civil_Comentado_Tomo-5-38x55.jpg 38w" sizes="(max-width: 200px) 100vw, 200px" /></a>Código Civil y Comercial de la Nación Comentado, tomo V </strong>(fuente <a href="http://www.infojus.gob.ar/">infojus.gob.ar</a>)<br />
Libro Cuarto (Derechos Reales)  Artículos 1882 a 2276.<br />
Dirección Editorial: Julián Álvarez. Coordinadoras Generales: María Paula Pontoriero, Laura Pereiras<br />
Directores: Marisa Herrera, Gustavo Caramelo, Sebastián Picasso<br />
Editorial: Ministerio de Justicia y Derechos Humanos de la Nación<br />
ISBN: 978-987-3720-34-5</p>
<p>&nbsp;</p>
<p>&nbsp;</p>
<p>&nbsp;</p>
<p><a href="http://www.infojus.gob.ar/docs-f/codigo-comentado/CCyC_Nacion_Comentado_Tomo_VI.pdf" rel="attachment wp-att-1601"><img loading="lazy" decoding="async" class="size-full wp-image-1601 alignleft" src="http://cccn.colegio-escribanos.org.ar/wp-content/uploads/2015/08/Portada-Codigo_Civil_Comentado_Tomo-6.jpg" alt="Portada-Codigo_Civil_Comentado_Tomo-6" width="200" height="285" srcset="https://cccn.colegio-escribanos.org.ar/wp-content/uploads/2015/08/Portada-Codigo_Civil_Comentado_Tomo-6.jpg 200w, https://cccn.colegio-escribanos.org.ar/wp-content/uploads/2015/08/Portada-Codigo_Civil_Comentado_Tomo-6-39x55.jpg 39w" sizes="(max-width: 200px) 100vw, 200px" /></a></p>
<p><strong>Código Civil y Comercial de la Nación Comentado, tomo VI </strong>(fuente <a href="http://www.infojus.gob.ar/">infojus.gob.ar</a>)<br />
Libros Quinto (Transmisión de derechos por causa de muerte) y Sexto (Disposiciones comunes a los derechos personales y reales)  Artículos 2277 a 2671.<br />
Dirección Editorial: Julián Álvarez. Coordinadoras Generales: María Paula Pontoriero, Laura Pereiras<br />
Directores: Marisa Herrera, Gustavo Caramelo, Sebastián Picasso<br />
Editorial: Ministerio de Justicia y Derechos Humanos de la Nación<br />
ISBN: 978-987-3720-35-2</p>
<p>&nbsp;</p>

<p>Para acceder a la versión publicada por infoleg haga clic aquí Texto completo del CCCN (fuente infojus.gob.ar) Editorial: Ministerio de Justicia y Derechos Humanos de la Nación ISBN: 978-987-3720-13-0 &nbsp; &nbsp; &nbsp; &nbsp; &nbsp;  Código Civil y Comercial de la Nación Comentado, tomo 1 (fuente infojus.gob.ar) Título Preliminar y Libro Primero (Parte General). Artículos 1 [&hellip;]</p>
